{"id":1859,"date":"2025-11-03T16:00:22","date_gmt":"2025-11-03T21:00:22","guid":{"rendered":"https:\/\/coupe-femina.enconstruction.website\/?page_id=1859"},"modified":"2026-01-07T11:33:50","modified_gmt":"2026-01-07T16:33:50","slug":"programmation","status":"publish","type":"page","link":"https:\/\/www.coupe-femina.com\/en\/programmations\/programmation\/","title":{"rendered":"Programmation"},"content":{"rendered":"\t\t<div data-elementor-type=\"wp-page\" data-elementor-id=\"1859\" class=\"elementor elementor-1859\" data-elementor-post-type=\"page\">\n\t\t\t\t<div class=\"elementor-element elementor-element-855a5d2 e-flex e-con-boxed e-con e-parent\" data-id=\"855a5d2\" data-element_type=\"container\" data-e-type=\"container\" data-settings=\"{&quot;background_background&quot;:&quot;slideshow&quot;,&quot;background_slideshow_gallery&quot;:[{&quot;id&quot;:2582,&quot;url&quot;:&quot;https:\\\/\\\/www.coupe-femina.com\\\/wp-content\\\/uploads\\\/2025\\\/12\\\/img-1221-1.jpg&quot;},{&quot;id&quot;:2539,&quot;url&quot;:&quot;https:\\\/\\\/www.coupe-femina.com\\\/wp-content\\\/uploads\\\/2025\\\/12\\\/2r62846.jpg&quot;}],&quot;background_slideshow_slide_duration&quot;:3000,&quot;background_slideshow_transition_duration&quot;:2000,&quot;background_slideshow_loop&quot;:&quot;yes&quot;,&quot;background_slideshow_slide_transition&quot;:&quot;fade&quot;}\">\n\t\t\t\t\t<div class=\"e-con-inner\">\n\t\t\t\t<div class=\"elementor-element elementor-element-9cb9165 h1-banner elementor-widget elementor-widget-heading\" data-id=\"9cb9165\" data-element_type=\"widget\" data-e-type=\"widget\" data-widget_type=\"heading.default\">\n\t\t\t\t\t<h1 class=\"elementor-heading-title elementor-size-default\"><span>Programmation de la<\/span> Coupe Femina<\/h1>\t\t\t\t<\/div>\n\t\t<div class=\"elementor-element elementor-element-a8a80f1 e-con-full e-flex e-con e-child\" data-id=\"a8a80f1\" data-element_type=\"container\" data-e-type=\"container\" data-settings=\"{&quot;background_background&quot;:&quot;classic&quot;}\">\n\t\t\t\t<div class=\"elementor-element elementor-element-39b2517 elementor-widget elementor-widget-heading\" data-id=\"39b2517\" data-element_type=\"widget\" data-e-type=\"widget\" data-widget_type=\"heading.default\">\n\t\t\t\t\t<h2 class=\"elementor-heading-title elementor-size-default\">Programmation 2026<\/h2>\t\t\t\t<\/div>\n\t\t\t\t<div class=\"elementor-element elementor-element-0b6360c elementor-widget elementor-widget-heading\" data-id=\"0b6360c\" data-element_type=\"widget\" data-e-type=\"widget\" data-widget_type=\"heading.default\">\n\t\t\t\t\t<h3 class=\"elementor-heading-title elementor-size-default\">Vivez le d\u00e9part \u00e9lectrisant de la Coupe Femina au quai paquet !<\/h3>\t\t\t\t<\/div>\n\t\t\t\t<div class=\"elementor-element elementor-element-1145a71 elementor-widget elementor-widget-text-editor\" data-id=\"1145a71\" data-element_type=\"widget\" data-e-type=\"widget\" data-widget_type=\"text-editor.default\">\n\t\t\t\t\t\t\t\t\t<p>Du 2 au 5 juillet, laissez-vous emporter par une fin de semaine d\u2019activit\u00e9s pour petits et grands, entre spectacles, d\u00e9monstrations, m\u00e9gafitness, conf\u00e9rences, expositions, animations, parcours ludiques et le spectaculaire son et lumi\u00e8re des fontaines!<\/p>\t\t\t\t\t\t\t\t<\/div>\n\t\t\t\t<\/div>\n\t\t\t\t\t<\/div>\n\t\t\t\t<\/div>\n\t\t<div class=\"elementor-element elementor-element-e933d81 e-flex e-con-boxed e-con e-parent\" data-id=\"e933d81\" data-element_type=\"container\" data-e-type=\"container\">\n\t\t\t\t\t<div class=\"e-con-inner\">\n\t\t\t\t<div class=\"elementor-element elementor-element-a44a745 elementor-widget elementor-widget-heading\" data-id=\"a44a745\" data-element_type=\"widget\" data-e-type=\"widget\" data-widget_type=\"heading.default\">\n\t\t\t\t\t<h2 class=\"elementor-heading-title elementor-size-default\">La programmation 2026 arrive sous peu&nbsp;!<\/h2>\t\t\t\t<\/div>\n\t\t\t\t<div class=\"elementor-element elementor-element-5756c91 elementor-widget elementor-widget-text-editor\" data-id=\"5756c91\" data-element_type=\"widget\" data-e-type=\"widget\" data-widget_type=\"text-editor.default\">\n\t\t\t\t\t\t\t\t\t<p>Consultez notre page <a href=\"https:\/\/www.facebook.com\/Coupe-Femina\" target=\"_blank\" rel=\"noopener\">Facebook<\/a> pour plus de d\u00e9tails.<\/p>\t\t\t\t\t\t\t\t<\/div>\n\t\t\t\t\t<\/div>\n\t\t\t\t<\/div>\n\t\t\t\t<\/div>\n\t\t","protected":false},"excerpt":{"rendered":"<p>Programmation de la Coupe Femina Programmation 2026 Vivez le d\u00e9part \u00e9lectrisant de la Coupe Femina au quai paquet ! Du 2 au 5 juillet, laissez-vous emporter par une fin de semaine d\u2019activit\u00e9s pour petits et grands, entre spectacles, d\u00e9monstrations, m\u00e9gafitness, conf\u00e9rences, expositions, animations, parcours ludiques et le spectaculaire son et lumi\u00e8re des fontaines! La programmation &#8230; <a title=\"Programmation\" class=\"read-more\" href=\"https:\/\/www.coupe-femina.com\/en\/programmations\/programmation\/\" aria-label=\"Read more about Programmation\">Read more<\/a><\/p>\n","protected":false},"author":1,"featured_media":0,"parent":119,"menu_order":0,"comment_status":"closed","ping_status":"closed","template":"","meta":{"_acf_changed":false,"_seopress_robots_primary_cat":"","_seopress_titles_title":"","_seopress_titles_desc":"","_seopress_robots_index":"","inline_featured_image":false,"footnotes":""},"class_list":["post-1859","page","type-page","status-publish"],"acf":[],"_links":{"self":[{"href":"https:\/\/www.coupe-femina.com\/en\/wp-json\/wp\/v2\/pages\/1859","targetHints":{"allow":["GET"]}}],"collection":[{"href":"https:\/\/www.coupe-femina.com\/en\/wp-json\/wp\/v2\/pages"}],"about":[{"href":"https:\/\/www.coupe-femina.com\/en\/wp-json\/wp\/v2\/types\/page"}],"author":[{"embeddable":true,"href":"https:\/\/www.coupe-femina.com\/en\/wp-json\/wp\/v2\/users\/1"}],"replies":[{"embeddable":true,"href":"https:\/\/www.coupe-femina.com\/en\/wp-json\/wp\/v2\/comments?post=1859"}],"version-history":[{"count":29,"href":"https:\/\/www.coupe-femina.com\/en\/wp-json\/wp\/v2\/pages\/1859\/revisions"}],"predecessor-version":[{"id":2875,"href":"https:\/\/www.coupe-femina.com\/en\/wp-json\/wp\/v2\/pages\/1859\/revisions\/2875"}],"up":[{"embeddable":true,"href":"https:\/\/www.coupe-femina.com\/en\/wp-json\/wp\/v2\/pages\/119"}],"wp:attachment":[{"href":"https:\/\/www.coupe-femina.com\/en\/wp-json\/wp\/v2\/media?parent=1859"}],"curies":[{"name":"wp","href":"https:\/\/api.w.org\/{rel}","templated":true}]}}

<div data-elementor-type="wp-page" data-elementor-id="1859" class="elementor elementor-1859" data-elementor-post-type="page">
				<div class="elementor-element elementor-element-855a5d2 e-flex e-con-boxed e-con e-parent" data-id="855a5d2" data-element_type="container" data-e-type="container" data-settings="{&quot;background_background&quot;:&quot;slideshow&quot;,&quot;background_slideshow_gallery&quot;:[{&quot;id&quot;:2582,&quot;url&quot;:&quot;https:\/\/www.coupe-femina.com\/wp-content\/uploads\/2025\/12\/img-1221-1.jpg&quot;},{&quot;id&quot;:2539,&quot;url&quot;:&quot;https:\/\/www.coupe-femina.com\/wp-content\/uploads\/2025\/12\/2r62846.jpg&quot;}],&quot;background_slideshow_slide_duration&quot;:3000,&quot;background_slideshow_transition_duration&quot;:2000,&quot;background_slideshow_loop&quot;:&quot;yes&quot;,&quot;background_slideshow_slide_transition&quot;:&quot;fade&quot;}">
					<div class="e-con-inner">
				<div class="elementor-element elementor-element-9cb9165 h1-banner elementor-widget elementor-widget-heading" data-id="9cb9165" data-element_type="widget" data-e-type="widget" data-widget_type="heading.default">
					<h1 class="elementor-heading-title elementor-size-default"><span>Programmation de la</span> Coupe Femina</h1>				</div>
		<div class="elementor-element elementor-element-a8a80f1 e-con-full e-flex e-con e-child" data-id="a8a80f1" data-element_type="container" data-e-type="container" data-settings="{&quot;background_background&quot;:&quot;classic&quot;}">
				<div class="elementor-element elementor-element-39b2517 elementor-widget elementor-widget-heading" data-id="39b2517" data-element_type="widget" data-e-type="widget" data-widget_type="heading.default">
					<h2 class="elementor-heading-title elementor-size-default">Programmation 2026</h2>				</div>
				<div class="elementor-element elementor-element-0b6360c elementor-widget elementor-widget-heading" data-id="0b6360c" data-element_type="widget" data-e-type="widget" data-widget_type="heading.default">
					<h3 class="elementor-heading-title elementor-size-default">Vivez le départ électrisant de la Coupe Femina au quai paquet !</h3>				</div>
				<div class="elementor-element elementor-element-1145a71 elementor-widget elementor-widget-text-editor" data-id="1145a71" data-element_type="widget" data-e-type="widget" data-widget_type="text-editor.default">
									<p>Du 2 au 5 juillet, laissez-vous emporter par une fin de semaine d’activités pour petits et grands, entre spectacles, démonstrations, mégafitness, conférences, expositions, animations, parcours ludiques et le spectaculaire son et lumière des fontaines!</p>								</div>
				</div>
					</div>
				</div>
		<div class="elementor-element elementor-element-e933d81 e-flex e-con-boxed e-con e-parent" data-id="e933d81" data-element_type="container" data-e-type="container">
					<div class="e-con-inner">
				<div class="elementor-element elementor-element-a44a745 elementor-widget elementor-widget-heading" data-id="a44a745" data-element_type="widget" data-e-type="widget" data-widget_type="heading.default">
					<h2 class="elementor-heading-title elementor-size-default">La programmation 2026 arrive sous peu&nbsp;!</h2>				</div>
				<div class="elementor-element elementor-element-5756c91 elementor-widget elementor-widget-text-editor" data-id="5756c91" data-element_type="widget" data-e-type="widget" data-widget_type="text-editor.default">
									<p>Consultez notre page <a href="https://www.facebook.com/Coupe-Femina" target="_blank" rel="noopener">Facebook</a> pour plus de détails.</p>								</div>
					</div>
				</div>
				</div>

<p>Programmation de la Coupe Femina Programmation 2026 Vivez le départ électrisant de la Coupe Femina au quai paquet ! Du 2 au 5 juillet, laissez-vous emporter par une fin de semaine d’activités pour petits et grands, entre spectacles, démonstrations, mégafitness, conférences, expositions, animations, parcours ludiques et le spectaculaire son et lumière des fontaines! La programmation &#8230; <a title="Programmation" class="read-more" href="https://www.coupe-femina.com/en/programmations/programmation/" aria-label="Read more about Programmation">Read more</a></p>
